.
6
Suppose 9*o - 11*o + 2159 = -3*z, 0 = -9*o - 5*z + 9697. Calculate the highest common divisor of o and 1274.
98
Let s(v) = -17*v**3 + 3*v**2 + 13*v + 11. Let k be s(-1). Let t = -394 + 682. Calculate the highest common divisor of t and k.
18
Let v = -11106 - -11108. Let p = -1 - -3. Suppose -5*k + p*r + 7 = -14, -v*k = -r - 9. What is the greatest common divisor of k and 1?
1
Suppose -3*h = 4*x - 5179, 9*x - 4*h = 11*x - 2572. What is the highest common divisor of x and 1508?
52
Let y(j) = -j**2 - 169*j + 2274. Let h be y(0). What is the highest common divisor of h and 6?
6
Let b(a) = 268*a**2 + 220*a. Let c be b(-1). What is the highest common factor of c and 10248?
24
Let v(h) = -2*h**3 + 15*h**2 - 4*h + 71. Let x be v(7). What is the greatest common divisor of x and 138?
46
Suppose 0 = -4*x - 5*a + 28516, 2*x + 5*a = -3715 + 17963. Calculate the highest common factor of 174 and x.
174
Let o be (-1)/((-5)/14) + 2/10. Suppose u = -5*k + 28 - o, -2*u - 3*k = -57. Calculate the greatest common factor of 15 and u.
15
Suppose 0 = 4*z - 16, 0*g - 5*g = -4*z - 12584. Suppose 42*t = 70*t - g. Calculate the greatest common factor of 72 and t.
18
Let d = -34 - -44. Let z(p) = 2*p**2 - 5*p + 4. Let s be z(2). Let a be (-1)/10*s*-2*5. What is the highest common factor of d and a?
2
Suppose -3 = 3*d - 30. Let q be 3 + -1 + (-18)/d. Suppose q = 3*o - u - 13, -4*o + 28 = 2*u + 4. What is the greatest common divisor of o and 55?
5
Let r = -31859 + 33151. Calculate the greatest common factor of 1224 and r.
68
Suppose 4*u + 30 = 9*u. Suppose 2*z + 2*a = -4, 0*a - 3*a = u. Suppose z*x + x = 5*t + 20, -4*x + 2*t = -98. Calculate the highest common divisor of x and 10.
5
Let x(u) = -4*u - 39. Let p = 21 - 31. Let y be x(p). Let n = 7 + -4. What is the greatest common factor of y and n?
1
Let s = -79 + 81. Suppose -s*c - 4*r = -3*r - 48, -3*c = r - 71. Calculate the highest common divisor of 207 and c.
23
Let q = -110 - -167. Let f be (3/2)/((q/(-72))/(-19)). Calculate the highest common factor of f and 324.
36
Suppose 0 = -h + 3*c + c - 67, -h + 3*c - 64 = 0. Let f = -192 - -145. Let y = f - h. Calculate the highest common divisor of 32 and y.
8
Let o = -5 - 170. Let c be (-4)/(20/o) - (10 + -6). What is the greatest common factor of c and 2?
1
Let l be (77/(-28))/11*-372. Let y = l + -52. Calculate the greatest common factor of 123 and y.
41
Let g be (-246)/(-164)*(2/6 - 1). Let c(t) = -84*t**3 + t + 1. Let j be c(g). Calculate the highest common divisor of 462 and j.
42
Suppose 0 = -3*z - 9*c + 1770, -z = -8*c + 10*c - 585. What is the highest common divisor of 115 and z?
115
Let s be (-6)/4*(-72)/3 - (-31 + 29). Calculate the greatest common factor of s and 1159.
19
Let f = 348 + -343. Suppose -546 = -26*i + f*i. What is the greatest common divisor of i and 143?
13
Let m = 195 - 120. Let f(g) = g**3 - 2*g**2 + g + 3. Suppose -2*t - 4 = -10. Let a be f(t). Calculate the highest common factor of m and a.
15
Suppose 19*t - 18*t = 500. Let n = t - 370. What is the highest common divisor of n and 104?
26
Suppose 4*h + 328 = -4*n, 5*h + 2*n + 422 = -0*n. Let l be (18/(-12))/((-3)/(-112)). Let x = l - h. What is the greatest common factor of 15 and x?
15
Suppose -137 - 255 = -3*f - 2*a, -2*f + 3*a + 231 = 0. What is the highest common divisor of 18774 and f?
126
Suppose -3*b - 4*z + 23 = 0, 0*z - 2*z + 9 = b. Suppose -b = -3*s + 37. Let j be s/((-30)/(-66)*(-2)/(-5)). What is the greatest common divisor of 11 and j?
11
Let s be -7 - (7 - -91)/(-1). Let w(j) = 3*j**2 + j + 35. Let a be w(-12). What is the greatest common divisor of a and s?
91
Let i be (-4)/(-4) + (-1 - -48). Let t(g) = -g**3 - 18*g**2 - 61*g + 7. Let x be t(-13). Let q = i + x. What is the greatest common divisor of q and 33?
3
Suppose 0 = -29*v + 546358 + 9775. Calculate the greatest common divisor of v and 127.
127
Let y = -38286 - -38297. Suppose -5*u + 16 = -3*j, -12 + 4 = -3*u + j. Let r = u - 1. What is the greatest common divisor of r and y?
1
Let d(m) = 2*m**3 + 3*m**2 - 5*m - 7. Let z be d(-2). Let t(l) = 5*l**2 + 7*l + 7. Let y be t(z). What is the greatest common factor of y and 25?
5
Suppose -3*j - g = 1430, 3*j - 960 = 5*j - g. Let s = -439 - j. Calculate the highest common factor of s and 12.
3
Let i = 11748 - 11726. Suppose -3*f = -0*r - r - 67, -5*r = f - 17. Calculate the highest common factor of i and f.
22
Suppose 3 = 408*x - 405*x. What is the highest common factor of x and 433?
1
Let m = 10844 + -10177. Calculate the highest common divisor of 115 and m.
23
Suppose -2*j + 4*j - 20 = 0. Let r(k) = 2*k**2 + 32*k - 252. Let n be r(7). What is the greatest common factor of n and j?
10
Suppose 0 = y + 73 - 161. What is the greatest common divisor of y and 104?
8
Let a be -4 - ((-1)/(-2))/(6/(-1236)). Suppose 3*r + 2*r = -f + 166, 103 = 3*r + 4*f. Calculate the highest common divisor of a and r.
33
Let h(v) = -v**3 + 4*v**2 + 3*v. Let n be h(-4). Suppose -94*f + 3*f = -145 - 219. What is the greatest common factor of n and f?
4
Suppose -2*i + 8 = -2. Let y be 714/30 + 1/i. Suppose 0 = 25*b - 21*b - y. Calculate the greatest common divisor of 30 and b.
6
Let u(j) = -172*j + 48. Let b be u(-1). Suppose 249 = -6*i + 1305. What is the highest common factor of i and b?
44
Suppose -8*d - 6324 - 2926 = -58*d. Let x be -3 - (2 - -75)*-1. What is the greatest common factor of d and x?
37
Suppose r = 4*r + 3*a - 9, 4*r = -2*a + 20. Let o(u) = u**3 - 4*u**2 - 6*u + 2. Let c be o(r). Let z = -77 + c. What is the greatest common divisor of z and 20?
10
Suppose -3*d + q + 127 = 0, -5*d - 4*q - 13 = -219. Let h = -92719 + 92789. What is the greatest common factor of h and d?
14
Suppose -9*g = -6*g - 6. Suppose g*w = -4*v + 3*w + 12, v + 2*w - 12 = 0. Calculate the greatest common divisor of 24 and v.
4
Suppose 15 = -5*p - 4*x - 19, -50 = 3*p - 5*x. Let t = p - 26. Let s = t - -38. Calculate the highest common divisor of 2 and s.
2
Let x be ((-6)/(-2) - (2 - -5)) + 3. Let n be -3 - 1*(-4 + 1 - x). Let g be 1668/24 + n/2*-1. Calculate the greatest common factor of 10 and g.
10
Let o(r) = r**3 - 20*r**2 + 19*r - 11. Let f be o(19). Let m be (f/1)/(2/2). Let j = 21 + m. What is the greatest common divisor of j and 50?
10
Suppose 2*x - 4*x + 414 = 0. Let p be 2/(-10) - (-67683)/1465. What is the highest common factor of p and x?
23
Let w(d) be the third derivative of -d**5/30 - 2*d**4/3 - 7*d**3/2 + 27*d**2. Let u be w(-5). Calculate the greatest common divisor of u and 1.
1
Suppose -20 - 2 = 4*o + 2*r, o = -2*r - 4. Let a(x) = 2*x**2 - 2*x - 6. Let q be a(o). Calculate the greatest common divisor of q and 195.
39
Let s = 80 + -83. Let c be ((-9)/s)/(((-16)/18)/(-8)). Let u be 318/c + 2/9. What is the highest common divisor of u and 4?
4
Let t(b) = -2*b**3 - 145*b**2 - 147*b - 267. Let d be t(-72). Calculate the greatest common factor of 531 and d.
177
Let t(z) = 4*z**2 + 1. Let s be t(1). Let h be s*(-30)/(-200) - 234/(-8). Calculate the greatest common factor of h and 510.
30
Let b = 47005 + -46685. Suppose -4*i + 9*i - 50 = 0. Calculate the highest common divisor of b and i.
10
Let h = -218 - -52. Let y = 257 + h. Calculate the highest common factor of 14 and y.
7
Suppose 20*a = 24*a. Suppose 3*i - 7 = -4*t, 3*t = -i - a*t - 1. Suppose 5*l = 5*y + l - 238, -i*l - 85 = -2*y. What is the highest common divisor of 20 and y?
10
Let l = 18032 + -13048. Calculate the highest common factor of 168 and l.
56
Suppose 5*q = -i + 499, -541 + 129 = -4*q - 4*i. Let w(n) = 6*n**2 - 117*n - 42. Let g be w(20). What is the greatest common factor of g and q?
9
Suppose 5*u = -3*v + 7 + 161, 2*v + 2*u - 112 = 0. What is the highest common factor of 1876 and v?
28
Let b(k) = 26*k**2 - 16*k - 37. Let g be b(-3). Let s be ((-1)/2)/(591/(-588) - -1). Calculate the highest common factor of s and g.
49
Let b = 3507 + -3014. Calculate the greatest common divisor of 51 and b.
17
Let k(s) = -27*s - 134. Let c be k(-10). Suppose 15*j + c = 32*j. What is the greatest common divisor of 712 and j?
8
Let u(h) = -14*h + 214. Let i be u(15). Suppose 2*q + 2*d - 122 = 0, d - i*d - 273 = -5*q. Calculate the greatest common divisor of q and 12.
3
Let c(h) be the first derivative of 2*h**3/3 + 9*h - 10. Let n be c(6). What is the hi